{"id":22,"date":"2024-12-11T17:49:22","date_gmt":"2024-12-11T16:49:22","guid":{"rendered":"http:\/\/www.ingecko.fr\/?page_id=22"},"modified":"2025-01-21T16:19:03","modified_gmt":"2025-01-21T15:19:03","slug":"a-propos","status":"publish","type":"page","link":"https:\/\/www.ingecko.fr\/index.php\/a-propos\/","title":{"rendered":"A propos"},"content":{"rendered":"\n<h2 class=\"wp-block-heading\">Notre mission<\/h2>\n\n\n\n<p>Chez INGECKO, notre mission est claire : assurer la s\u00e9curit\u00e9 et la durabilit\u00e9 des installations industrielles gr\u00e2ce \u00e0 des \u00e9quipements sous pression de haute qualit\u00e9. Nous sommes sp\u00e9cialis\u00e9s dans la conception, la fabrication, l&rsquo;inspection et la maintenance de ces \u00e9quipements, en respectant les normes les plus rigoureuses, notamment celles applicables aux secteurs nucl\u00e9aires.<\/p>\n\n\n\n<div class=\"wp-block-cover alignfull\" style=\"margin-top:0;margin-bottom:0;padding-top:0;padding-bottom:0;min-height:450px;aspect-ratio:unset;\"><span aria-hidden=\"true\" class=\"wp-block-cover__background has-black-background-color has-background-dim-10 has-background-dim\"><\/span><img loading=\"lazy\" decoding=\"async\" width=\"1300\" height=\"867\" class=\"wp-block-cover__image-background wp-image-94\" alt=\"\" src=\"http:\/\/www.ingecko.fr\/wp-content\/uploads\/2024\/12\/explotacion-offshore-de-hidrocarburos-1.webp\" data-object-fit=\"cover\" srcset=\"https:\/\/www.ingecko.fr\/wp-content\/uploads\/2024\/12\/explotacion-offshore-de-hidrocarburos-1.webp 1300w, https:\/\/www.ingecko.fr\/wp-content\/uploads\/2024\/12\/explotacion-offshore-de-hidrocarburos-1-300x200.webp 300w, https:\/\/www.ingecko.fr\/wp-content\/uploads\/2024\/12\/explotacion-offshore-de-hidrocarburos-1-1024x683.webp 1024w, https:\/\/www.ingecko.fr\/wp-content\/uploads\/2024\/12\/explotacion-offshore-de-hidrocarburos-1-768x512.webp 768w\" sizes=\"auto, (max-width: 706px) 89vw, (max-width: 767px) 82vw, 740px\" \/><div class=\"wp-block-cover__inner-container is-layout-constrained wp-container-core-cover-is-layout-4bf71761 wp-block-cover-is-layout-constrained\">\n<p class=\"has-text-align-center has-large-font-size\"><\/p>\n<\/div><\/div>\n\n\n\n<h2 class=\"wp-block-heading\">Une expertise fa\u00e7onn\u00e9e par des collaborations cl\u00e9s<\/h2>\n\n\n\n<p>Depuis sa cr\u00e9ation, INGECKO a su d\u00e9velopper une expertise unique en accompagnant des acteurs majeurs de l&rsquo;industrie dans leurs projets les plus strat\u00e9giques. Nous avons eu l&rsquo;opportunit\u00e9 de collaborer avec :<\/p>\n\n\n\n<ul class=\"wp-block-list\">\n<li><strong>Des Exploitants<\/strong> : pour garantir la s\u00e9curit\u00e9 et la conformit\u00e9 des installations en exploitation.<\/li>\n\n\n\n<li><strong>Des Concepteurs<\/strong> : afin de les accompagner dans le d\u00e9veloppement de solutions techniques innovantes.<\/li>\n\n\n\n<li><strong>Des Fabricants<\/strong> : en apportant notre savoir-faire pour assurer la qualit\u00e9 et la fiabilit\u00e9 des \u00e9quipements produits.<\/li>\n\n\n\n<li><strong>Des Organismes de contr\u00f4le<\/strong> : pour r\u00e9aliser des inspections et des certifications selon les standards r\u00e9glementaires.<\/li>\n\n\n\n<li><strong>Les Autorit\u00e9s<\/strong> : en travaillant en \u00e9troite collaboration avec les instances r\u00e9glementaires pour garantir la conformit\u00e9, la s\u00e9curit\u00e9 et la s\u00fbret\u00e9 des installations.<\/li>\n<\/ul>\n\n\n\n<p>Ces partenariats strat\u00e9giques nous permettent d&rsquo;avoir une vision globale des enjeux li\u00e9s aux \u00e9quipements sous pression et d&rsquo;adopter une approche proactive dans la gestion des risques.<\/p>\n\n\n\n<div class=\"wp-block-group alignfull\"><div class=\"wp-block-group__inner-container is-layout-constrained wp-container-core-group-is-layout-48c9aa2a wp-block-group-is-layout-constrained\">\n<div class=\"wp-block-columns alignwide is-layout-flex wp-container-core-columns-is-layout-9d6595d7 wp-block-columns-is-layout-flex\">\n<div class=\"wp-block-column is-layout-flow wp-block-column-is-layout-flow\"><div class=\"wp-block-image\">\n<figure class=\"aligncenter size-full is-resized\"><img loading=\"lazy\" decoding=\"async\" width=\"834\" height=\"554\" src=\"http:\/\/www.ingecko.fr\/wp-content\/uploads\/2024\/12\/GE-Steam-Power-UNE.jpeg\" alt=\"\" class=\"wp-image-95\" style=\"object-fit:cover;width:1151px;height:auto\" srcset=\"https:\/\/www.ingecko.fr\/wp-content\/uploads\/2024\/12\/GE-Steam-Power-UNE.jpeg 834w, https:\/\/www.ingecko.fr\/wp-content\/uploads\/2024\/12\/GE-Steam-Power-UNE-300x199.jpeg 300w, https:\/\/www.ingecko.fr\/wp-content\/uploads\/2024\/12\/GE-Steam-Power-UNE-768x510.jpeg 768w\" sizes=\"auto, (max-width: 706px) 89vw, (max-width: 767px) 82vw, 740px\" \/><\/figure>\n<\/div><\/div>\n<\/div>\n<\/div><\/div>\n\n\n<div class=\"is-default-size wp-block-site-logo\"><a href=\"https:\/\/www.ingecko.fr\/\" class=\"custom-logo-link\" rel=\"home\"><img loading=\"lazy\" decoding=\"async\" width=\"630\" height=\"250\" src=\"https:\/\/www.ingecko.fr\/wp-content\/uploads\/2026\/03\/cropped-Logo-grand-R.png\" class=\"custom-logo\" alt=\"\" srcset=\"https:\/\/www.ingecko.fr\/wp-content\/uploads\/2026\/03\/cropped-Logo-grand-R.png 630w, https:\/\/www.ingecko.fr\/wp-content\/uploads\/2026\/03\/cropped-Logo-grand-R-300x119.png 300w\" sizes=\"auto, 100vw\" \/><\/a><\/div>\n\n\n<p><\/p>\n","protected":false},"excerpt":{"rendered":"<p>Notre mission Chez INGECKO, notre mission est claire : assurer la s\u00e9curit\u00e9 et la durabilit\u00e9 des installations industrielles gr\u00e2ce \u00e0 des \u00e9quipements sous pression de haute qualit\u00e9. Nous sommes sp\u00e9cialis\u00e9s dans la conception, la fabrication, l&rsquo;inspection et la maintenance de ces \u00e9quipements, en respectant les normes les plus rigoureuses, notamment celles applicables aux secteurs nucl\u00e9aires. &hellip; <\/p>\n<p class=\"link-more\"><a href=\"https:\/\/www.ingecko.fr\/index.php\/a-propos\/\" class=\"more-link\">Continuer la lecture<span class=\"screen-reader-text\"> de &laquo;&nbsp;A propos&nbsp;&raquo;<\/span><\/a><\/p>\n","protected":false},"author":1,"featured_media":187,"parent":0,"menu_order":3,"comment_status":"closed","ping_status":"closed","template":"","meta":{"footnotes":""},"class_list":["post-22","page","type-page","status-publish","has-post-thumbnail","hentry"],"_links":{"self":[{"href":"https:\/\/www.ingecko.fr\/index.php\/wp-json\/wp\/v2\/pages\/22","targetHints":{"allow":["GET"]}}],"collection":[{"href":"https:\/\/www.ingecko.fr\/index.php\/wp-json\/wp\/v2\/pages"}],"about":[{"href":"https:\/\/www.ingecko.fr\/index.php\/wp-json\/wp\/v2\/types\/page"}],"author":[{"embeddable":true,"href":"https:\/\/www.ingecko.fr\/index.php\/wp-json\/wp\/v2\/users\/1"}],"replies":[{"embeddable":true,"href":"https:\/\/www.ingecko.fr\/index.php\/wp-json\/wp\/v2\/comments?post=22"}],"version-history":[{"count":8,"href":"https:\/\/www.ingecko.fr\/index.php\/wp-json\/wp\/v2\/pages\/22\/revisions"}],"predecessor-version":[{"id":189,"href":"https:\/\/www.ingecko.fr\/index.php\/wp-json\/wp\/v2\/pages\/22\/revisions\/189"}],"wp:featuredmedia":[{"embeddable":true,"href":"https:\/\/www.ingecko.fr\/index.php\/wp-json\/wp\/v2\/media\/187"}],"wp:attachment":[{"href":"https:\/\/www.ingecko.fr\/index.php\/wp-json\/wp\/v2\/media?parent=22"}],"curies":[{"name":"wp","href":"https:\/\/api.w.org\/{rel}","templated":true}]}}